{"id":359,"date":"2022-12-05T19:03:27","date_gmt":"2022-12-05T18:03:27","guid":{"rendered":"https:\/\/www.stephanie-arnoult.fr\/?page_id=359"},"modified":"2023-02-01T15:20:03","modified_gmt":"2023-02-01T14:20:03","slug":"sexotherapie","status":"publish","type":"page","link":"https:\/\/www.stephanie-arnoult.fr\/index.php\/sexotherapie\/","title":{"rendered":"Sexoth\u00e9rapie"},"content":{"rendered":"<p>[et_pb_section fb_built=\u00a0\u00bb1&Prime; _builder_version=\u00a0\u00bb4.19.0&Prime; _module_preset=\u00a0\u00bbdefault\u00a0\u00bb background_color=\u00a0\u00bbRGBA(255,255,255,0)\u00a0\u00bb background_image=\u00a0\u00bbhttp:\/\/www.stephanie-arnoult.fr\/wp-content\/uploads\/2022\/11\/Animated-Shape-2.svg\u00a0\u00bb background_position=\u00a0\u00bbtop_center\u00a0\u00bb custom_padding=\u00a0\u00bb30px||30px|||\u00a0\u00bb da_disable_devices=\u00a0\u00bboff|off|off\u00a0\u00bb global_colors_info=\u00a0\u00bb{}\u00a0\u00bb da_is_popup=\u00a0\u00bboff\u00a0\u00bb da_exit_intent=\u00a0\u00bboff\u00a0\u00bb da_has_close=\u00a0\u00bbon\u00a0\u00bb da_alt_close=\u00a0\u00bboff\u00a0\u00bb da_dark_close=\u00a0\u00bboff\u00a0\u00bb da_not_modal=\u00a0\u00bbon\u00a0\u00bb da_is_singular=\u00a0\u00bboff\u00a0\u00bb da_with_loader=\u00a0\u00bboff\u00a0\u00bb da_has_shadow=\u00a0\u00bbon\u00a0\u00bb][et_pb_row column_structure=\u00a0\u00bb2_5,3_5&Prime; make_equal=\u00a0\u00bbon\u00a0\u00bb _builder_version=\u00a0\u00bb4.19.0&Prime; _module_preset=\u00a0\u00bbdefault\u00a0\u00bb max_width=\u00a0\u00bb1920px\u00a0\u00bb custom_margin=\u00a0\u00bbauto|auto||auto|false|false\u00a0\u00bb custom_padding=\u00a0\u00bb0px||0px||false|false\u00a0\u00bb custom_css_main_element=\u00a0\u00bbalign-items:center;\u00a0\u00bb global_colors_info=\u00a0\u00bb{}\u00a0\u00bb][et_pb_column type=\u00a0\u00bb2_5&Prime; _builder_version=\u00a0\u00bb4.19.0&Prime; _module_preset=\u00a0\u00bbdefault\u00a0\u00bb global_colors_info=\u00a0\u00bb{}\u00a0\u00bb][et_pb_text _builder_version=\u00a0\u00bb4.19.0&Prime; _module_preset=\u00a0\u00bbdefault\u00a0\u00bb text_orientation=\u00a0\u00bbright\u00a0\u00bb text_orientation_tablet=\u00a0\u00bbleft\u00a0\u00bb text_orientation_phone=\u00a0\u00bbleft\u00a0\u00bb text_orientation_last_edited=\u00a0\u00bbon|tablet\u00a0\u00bb global_colors_info=\u00a0\u00bb{}\u00a0\u00bb]<\/p>\n<h2>La sexoth\u00e9rapie<\/h2>\n<p><span style=\"font-weight: 400;\">Des diff\u00e9rents \u00e9changes que j\u2019ai eu avec mes patients, je me suis rendue compte que les questions autour de <span style=\"color: #9d4e3d;\"><strong>la vie amoureuse<\/strong><\/span>, <span style=\"color: #9d4e3d;\"><strong>le d\u00e9sir sexuel<\/strong><\/span>, <span style=\"color: #9d4e3d;\"><strong>le d\u00e9sir<\/strong><\/span> au sens large, <span style=\"color: #9d4e3d;\"><strong>la sexualit\u00e9<\/strong><\/span>, <span style=\"color: #9d4e3d;\"><strong>la vie seul.e<\/strong><strong> et en couple<\/strong><\/span> avec des questionnements autour du sentiment de se r\u00e9aliser en tant que femme et homme dans son c\u0153ur et son corps, sont des questions omnipr\u00e9sentes, aussi <span style=\"color: #9d4e3d;\"><strong>je me suis form\u00e9e \u00e0 la sexoth\u00e9rapie<\/strong><\/span>.<\/span>[\/et_pb_text][\/et_pb_column][et_pb_column type=\u00a0\u00bb3_5&Prime; _builder_version=\u00a0\u00bb4.19.0&Prime; _module_preset=\u00a0\u00bbdefault\u00a0\u00bb global_colors_info=\u00a0\u00bb{}\u00a0\u00bb][et_pb_image src=\u00a0\u00bbhttp:\/\/www.stephanie-arnoult.fr\/wp-content\/uploads\/2023\/02\/Illustration-apppproche-psychotherapie.png\u00a0\u00bb title_text=\u00a0\u00bbIllustration apppproche psychothe\u0301rapie\u00a0\u00bb _builder_version=\u00a0\u00bb4.19.0&Prime; _module_preset=\u00a0\u00bbdefault\u00a0\u00bb hover_enabled=\u00a0\u00bb0&Prime; global_colors_info=\u00a0\u00bb{}\u00a0\u00bb sticky_enabled=\u00a0\u00bb0&Prime;][\/et_pb_image][\/et_pb_column][\/et_pb_row][\/et_pb_section][et_pb_section fb_built=\u00a0\u00bb1&Prime; _builder_version=\u00a0\u00bb4.19.0&Prime; _module_preset=\u00a0\u00bbdefault\u00a0\u00bb scroll_vertical_motion_enable=\u00a0\u00bbon\u00a0\u00bb scroll_vertical_motion=\u00a0\u00bb0|50|50|100|0.2|0|-0.2&Prime; motion_trigger_start=\u00a0\u00bbtop\u00a0\u00bb da_disable_devices=\u00a0\u00bboff|off|off\u00a0\u00bb global_colors_info=\u00a0\u00bb{}\u00a0\u00bb da_is_popup=\u00a0\u00bboff\u00a0\u00bb da_exit_intent=\u00a0\u00bboff\u00a0\u00bb da_has_close=\u00a0\u00bbon\u00a0\u00bb da_alt_close=\u00a0\u00bboff\u00a0\u00bb da_dark_close=\u00a0\u00bboff\u00a0\u00bb da_not_modal=\u00a0\u00bbon\u00a0\u00bb da_is_singular=\u00a0\u00bboff\u00a0\u00bb da_with_loader=\u00a0\u00bboff\u00a0\u00bb da_has_shadow=\u00a0\u00bbon\u00a0\u00bb][et_pb_row _builder_version=\u00a0\u00bb4.19.0&Prime; _module_preset=\u00a0\u00bbdefault\u00a0\u00bb custom_css_before=\u00a0\u00bbcontent: %22\u201c%22; ||font-family:cursive;||font-size:10rem;||color:#9d4e3d;||position:absolute;\u00a0\u00bb global_colors_info=\u00a0\u00bb{}\u00a0\u00bb][et_pb_column type=\u00a0\u00bb4_4&Prime; _builder_version=\u00a0\u00bb4.19.0&Prime; _module_preset=\u00a0\u00bbdefault\u00a0\u00bb global_colors_info=\u00a0\u00bb{}\u00a0\u00bb][et_pb_text _builder_version=\u00a0\u00bb4.19.0&Prime; _module_preset=\u00a0\u00bbdefault\u00a0\u00bb global_colors_info=\u00a0\u00bb{}\u00a0\u00bb]<\/p>\n<h3 style=\"text-align: center;\"><em>Ne pas parler de sexualit\u00e9 c&rsquo;est &#8230; ne pas parler de soi<\/em><\/h3>\n<h3 style=\"text-align: center;\">MICHEL CONTE<\/h3>\n<p>[\/et_pb_text][\/et_pb_column][\/et_pb_row][\/et_pb_section][et_pb_section fb_built=\u00a0\u00bb1&Prime; _builder_version=\u00a0\u00bb4.19.0&Prime; _module_preset=\u00a0\u00bbdefault\u00a0\u00bb background_color=\u00a0\u00bbRGBA(255,255,255,0)\u00a0\u00bb background_image=\u00a0\u00bbhttp:\/\/www.stephanie-arnoult.fr\/wp-content\/uploads\/2022\/11\/Animated-Shape-7.svg\u00a0\u00bb custom_padding=\u00a0\u00bb29px||30px|||\u00a0\u00bb da_disable_devices=\u00a0\u00bboff|off|off\u00a0\u00bb global_colors_info=\u00a0\u00bb{}\u00a0\u00bb da_is_popup=\u00a0\u00bboff\u00a0\u00bb da_exit_intent=\u00a0\u00bboff\u00a0\u00bb da_has_close=\u00a0\u00bbon\u00a0\u00bb da_alt_close=\u00a0\u00bboff\u00a0\u00bb da_dark_close=\u00a0\u00bboff\u00a0\u00bb da_not_modal=\u00a0\u00bbon\u00a0\u00bb da_is_singular=\u00a0\u00bboff\u00a0\u00bb da_with_loader=\u00a0\u00bboff\u00a0\u00bb da_has_shadow=\u00a0\u00bbon\u00a0\u00bb][et_pb_row _builder_version=\u00a0\u00bb4.19.0&Prime; _module_preset=\u00a0\u00bbdefault\u00a0\u00bb custom_padding=\u00a0\u00bb4px|||||\u00a0\u00bb global_colors_info=\u00a0\u00bb{}\u00a0\u00bb][et_pb_column type=\u00a0\u00bb4_4&Prime; _builder_version=\u00a0\u00bb4.19.0&Prime; _module_preset=\u00a0\u00bbdefault\u00a0\u00bb global_colors_info=\u00a0\u00bb{}\u00a0\u00bb][et_pb_text _builder_version=\u00a0\u00bb4.19.0&Prime; _module_preset=\u00a0\u00bbdefault\u00a0\u00bb global_colors_info=\u00a0\u00bb{}\u00a0\u00bb]<\/p>\n<p><span style=\"font-size: 14px;\">La sexoth\u00e9rapie est une approche psychologique orient\u00e9e sur cette th\u00e9matique. Ce peut \u00eatre sur <\/span><span style=\"font-size: 14px; color: #9d4e3d;\"><strong>des sujets de souffrance<\/strong><\/span><span style=\"font-size: 14px;\"> comme <\/span><span style=\"font-size: 14px; color: #9d4e3d;\"><strong>l\u2019\u00e9jaculation pr\u00e9coce<\/strong><\/span><span style=\"font-size: 14px;\"> ou <\/span><span style=\"font-size: 14px; color: #9d4e3d;\"><strong>suite de traumatismes<\/strong><\/span><span style=\"font-size: 14px;\">. Ce peut \u00eatre de l\u2019ordre du questionnement \u00ab\u00a0j\u2019ai le d\u00e9sir de l\u00e2cher prise, j\u2019ai le d\u00e9sir de me laisser aller mais \u00e7a m\u2019est tellement difficile\u00a0\u00bb.<\/span><span style=\"font-weight: 400;\"><\/span><\/p>\n<p><span style=\"font-weight: 400;\"><span style=\"color: #9d4e3d;\"><strong>Les relations de couples<\/strong><\/span>, <span style=\"color: #9d4e3d;\"><strong>amoureuses<\/strong><\/span> et tout simplement ou plus largement <span style=\"color: #9d4e3d;\"><strong>notre posture<\/strong><\/span> et <span style=\"color: #9d4e3d;\"><strong>nos d\u00e9sirs<\/strong><\/span> dans l\u2019expression de soi et du d\u00e9sir sont des syst\u00e8mes complexes qui font appels \u00e0 de nombreux leviers et de nombreuses blessures tant personnelles mais aussi interg\u00e9n\u00e9rationnelles. La vision et l\u2019expression de soi dans la relation amoureuse ou sexuelle ont profond\u00e9ment \u00e9volu\u00e9 ces derni\u00e8res d\u00e9cennies et chacun a \u00e0 se d\u00e9finir. Pour autant, les probl\u00e9matiques et les passions amoureuses sont de toute la litt\u00e9rature et la mythologie donc bien centrales depuis toujours. <\/span><\/p>\n<p><span style=\"font-weight: 400;\">De plus, se choisir \u00e0 20 ans et vivre heureux ensemble 20 ans apr\u00e8s demande <span style=\"color: #9d4e3d;\"><strong>une approche de communication<\/strong><\/span> de pointe avec une m\u00e9thodologie affut\u00e9e pour r\u00e9ussir \u00e0 \u00e9voluer ensemble.<\/span><\/p>\n<p>[\/et_pb_text][\/et_pb_column][\/et_pb_row][et_pb_row _builder_version=\u00a0\u00bb4.19.0&Prime; _module_preset=\u00a0\u00bbdefault\u00a0\u00bb max_width=\u00a0\u00bb1920px\u00a0\u00bb custom_padding=\u00a0\u00bb0px||0px|||\u00a0\u00bb global_colors_info=\u00a0\u00bb{}\u00a0\u00bb][et_pb_column type=\u00a0\u00bb4_4&Prime; _builder_version=\u00a0\u00bb4.19.0&Prime; _module_preset=\u00a0\u00bbdefault\u00a0\u00bb global_colors_info=\u00a0\u00bb{}\u00a0\u00bb][et_pb_image src=\u00a0\u00bbhttp:\/\/www.stephanie-arnoult.fr\/wp-content\/uploads\/2022\/12\/everton-vila-AsahNlC0VhQ-unsplash-Moyenne.jpg\u00a0\u00bb title_text=\u00a0\u00bbeverton-vila-AsahNlC0VhQ-unsplash (Moyenne)\u00a0\u00bb align=\u00a0\u00bbcenter\u00a0\u00bb _builder_version=\u00a0\u00bb4.19.0&Prime; _module_preset=\u00a0\u00bbdefault\u00a0\u00bb animation_style=\u00a0\u00bbfade\u00a0\u00bb animation_duration=\u00a0\u00bb250ms\u00a0\u00bb animation_starting_opacity=\u00a0\u00bb38%\u00a0\u00bb global_colors_info=\u00a0\u00bb{}\u00a0\u00bb][\/et_pb_image][\/et_pb_column][\/et_pb_row][et_pb_row _builder_version=\u00a0\u00bb4.19.0&Prime; _module_preset=\u00a0\u00bbdefault\u00a0\u00bb custom_padding=\u00a0\u00bb||0px|||\u00a0\u00bb global_colors_info=\u00a0\u00bb{}\u00a0\u00bb][et_pb_column type=\u00a0\u00bb4_4&Prime; _builder_version=\u00a0\u00bb4.19.0&Prime; _module_preset=\u00a0\u00bbdefault\u00a0\u00bb global_colors_info=\u00a0\u00bb{}\u00a0\u00bb][et_pb_text _builder_version=\u00a0\u00bb4.19.0&Prime; _module_preset=\u00a0\u00bbdefault\u00a0\u00bb global_colors_info=\u00a0\u00bb{}\u00a0\u00bb]<\/p>\n<p><span style=\"font-weight: 400;\">Je r\u00e9alise des <span style=\"color: #9d4e3d;\"><strong>accompagnements individuels<\/strong><\/span> ou <span style=\"color: #9d4e3d;\"><strong>en couple<\/strong><\/span>, les s\u00e9ances sont d\u2019une heure. Lors des s\u00e9ances de couple, nous d\u00e9finissons le cadre de l\u2019intervention, les objectifs et le plus souvent il est possible de se mettre ok, ensemble, sur des actions \u00e0 mener en intersession. Sur la sexoth\u00e9rapie, la majorit\u00e9 des accompagnements sont principalement aupr\u00e8s des 25-55 ans.<\/span><\/p>\n<p><span style=\"font-weight: 400;\">\u00a0Nous travaillons\u00a0:<\/span><\/p>\n<p><span style=\"font-weight: 400;\">Sur des d\u00e9passements de traumatismes, sur des addictions, des dysfonctions sexuelles comme le vaginisme ou encore l\u2019\u00e9jaculation pr\u00e9coce, la connaissance de soi dans son corps et c\u0153ur, les probl\u00e9matiques de s\u00e9parations, &#8230;<\/span><\/p>\n<p>[\/et_pb_text][\/et_pb_column][\/et_pb_row][\/et_pb_section]<\/p>\n","protected":false},"excerpt":{"rendered":"<p>La sexoth\u00e9rapie Des diff\u00e9rents \u00e9changes que j\u2019ai eu avec mes patients, je me suis rendue compte que les questions autour de la vie amoureuse, le d\u00e9sir sexuel, le d\u00e9sir au sens large, la sexualit\u00e9, la vie seul.e et en couple avec des questionnements autour du sentiment de se r\u00e9aliser en tant que femme et homme [&hellip;]<\/p>\n","protected":false},"author":2,"featured_media":0,"parent":0,"menu_order":0,"comment_status":"closed","ping_status":"closed","template":"","meta":{"_et_pb_use_builder":"on","_et_pb_old_content":"","_et_gb_content_width":"","inline_featured_image":false,"footnotes":""},"class_list":["post-359","page","type-page","status-publish","hentry"],"yoast_head":"<!-- This site is optimized with the Yoast SEO plugin v27.3 - https:\/\/yoast.com\/product\/yoast-seo-wordpress\/ -->\n<title>Sexoth\u00e9rapie - St\u00e9phanie Arnoult<\/title>\n<meta name=\"robots\" content=\"index, follow, max-snippet:-1, max-image-preview:large, max-video-preview:-1\" \/>\n<link rel=\"canonical\" href=\"https:\/\/www.stephanie-arnoult.fr\/index.php\/sexotherapie\/\" \/>\n<meta property=\"og:locale\" content=\"fr_FR\" \/>\n<meta property=\"og:type\" content=\"article\" \/>\n<meta property=\"og:title\" content=\"Sexoth\u00e9rapie - St\u00e9phanie Arnoult\" \/>\n<meta property=\"og:description\" content=\"La sexoth\u00e9rapie Des diff\u00e9rents \u00e9changes que j\u2019ai eu avec mes patients, je me suis rendue compte que les questions autour de la vie amoureuse, le d\u00e9sir sexuel, le d\u00e9sir au sens large, la sexualit\u00e9, la vie seul.e et en couple avec des questionnements autour du sentiment de se r\u00e9aliser en tant que femme et homme [&hellip;]\" \/>\n<meta property=\"og:url\" content=\"https:\/\/www.stephanie-arnoult.fr\/index.php\/sexotherapie\/\" \/>\n<meta property=\"og:site_name\" content=\"St\u00e9phanie Arnoult\" \/>\n<meta property=\"article:modified_time\" content=\"2023-02-01T14:20:03+00:00\" \/>\n<meta name=\"twitter:card\" content=\"summary_large_image\" \/>\n<meta name=\"twitter:label1\" content=\"Dur\u00e9e de lecture estim\u00e9e\" \/>\n\t<meta name=\"twitter:data1\" content=\"5 minutes\" \/>\n<script type=\"application\/ld+json\" class=\"yoast-schema-graph\">{\"@context\":\"https:\\\/\\\/schema.org\",\"@graph\":[{\"@type\":\"WebPage\",\"@id\":\"https:\\\/\\\/www.stephanie-arnoult.fr\\\/index.php\\\/sexotherapie\\\/\",\"url\":\"https:\\\/\\\/www.stephanie-arnoult.fr\\\/index.php\\\/sexotherapie\\\/\",\"name\":\"Sexoth\u00e9rapie - St\u00e9phanie Arnoult\",\"isPartOf\":{\"@id\":\"https:\\\/\\\/www.stephanie-arnoult.fr\\\/#website\"},\"datePublished\":\"2022-12-05T18:03:27+00:00\",\"dateModified\":\"2023-02-01T14:20:03+00:00\",\"breadcrumb\":{\"@id\":\"https:\\\/\\\/www.stephanie-arnoult.fr\\\/index.php\\\/sexotherapie\\\/#breadcrumb\"},\"inLanguage\":\"fr-FR\",\"potentialAction\":[{\"@type\":\"ReadAction\",\"target\":[\"https:\\\/\\\/www.stephanie-arnoult.fr\\\/index.php\\\/sexotherapie\\\/\"]}]},{\"@type\":\"BreadcrumbList\",\"@id\":\"https:\\\/\\\/www.stephanie-arnoult.fr\\\/index.php\\\/sexotherapie\\\/#breadcrumb\",\"itemListElement\":[{\"@type\":\"ListItem\",\"position\":1,\"name\":\"Accueil\",\"item\":\"https:\\\/\\\/www.stephanie-arnoult.fr\\\/\"},{\"@type\":\"ListItem\",\"position\":2,\"name\":\"Sexoth\u00e9rapie\"}]},{\"@type\":\"WebSite\",\"@id\":\"https:\\\/\\\/www.stephanie-arnoult.fr\\\/#website\",\"url\":\"https:\\\/\\\/www.stephanie-arnoult.fr\\\/\",\"name\":\"St\u00e9phanie Arnoult\",\"description\":\"Psychologue - Hypnoth\u00e9rapeute - Sexoth\u00e9rapeute\",\"publisher\":{\"@id\":\"https:\\\/\\\/www.stephanie-arnoult.fr\\\/#organization\"},\"potentialAction\":[{\"@type\":\"SearchAction\",\"target\":{\"@type\":\"EntryPoint\",\"urlTemplate\":\"https:\\\/\\\/www.stephanie-arnoult.fr\\\/?s={search_term_string}\"},\"query-input\":{\"@type\":\"PropertyValueSpecification\",\"valueRequired\":true,\"valueName\":\"search_term_string\"}}],\"inLanguage\":\"fr-FR\"},{\"@type\":\"Organization\",\"@id\":\"https:\\\/\\\/www.stephanie-arnoult.fr\\\/#organization\",\"name\":\"St\u00e9phanie Arnoult\",\"url\":\"https:\\\/\\\/www.stephanie-arnoult.fr\\\/\",\"logo\":{\"@type\":\"ImageObject\",\"inLanguage\":\"fr-FR\",\"@id\":\"https:\\\/\\\/www.stephanie-arnoult.fr\\\/#\\\/schema\\\/logo\\\/image\\\/\",\"url\":\"http:\\\/\\\/www.stephanie-arnoult.fr\\\/wp-content\\\/uploads\\\/2022\\\/11\\\/Logo_Stephanie_Arnoult.png\",\"contentUrl\":\"http:\\\/\\\/www.stephanie-arnoult.fr\\\/wp-content\\\/uploads\\\/2022\\\/11\\\/Logo_Stephanie_Arnoult.png\",\"width\":1634,\"height\":391,\"caption\":\"St\u00e9phanie Arnoult\"},\"image\":{\"@id\":\"https:\\\/\\\/www.stephanie-arnoult.fr\\\/#\\\/schema\\\/logo\\\/image\\\/\"}}]}<\/script>\n<!-- \/ Yoast SEO plugin. -->","yoast_head_json":{"title":"Sexoth\u00e9rapie - St\u00e9phanie Arnoult","robots":{"index":"index","follow":"follow","max-snippet":"max-snippet:-1","max-image-preview":"max-image-preview:large","max-video-preview":"max-video-preview:-1"},"canonical":"https:\/\/www.stephanie-arnoult.fr\/index.php\/sexotherapie\/","og_locale":"fr_FR","og_type":"article","og_title":"Sexoth\u00e9rapie - St\u00e9phanie Arnoult","og_description":"La sexoth\u00e9rapie Des diff\u00e9rents \u00e9changes que j\u2019ai eu avec mes patients, je me suis rendue compte que les questions autour de la vie amoureuse, le d\u00e9sir sexuel, le d\u00e9sir au sens large, la sexualit\u00e9, la vie seul.e et en couple avec des questionnements autour du sentiment de se r\u00e9aliser en tant que femme et homme [&hellip;]","og_url":"https:\/\/www.stephanie-arnoult.fr\/index.php\/sexotherapie\/","og_site_name":"St\u00e9phanie Arnoult","article_modified_time":"2023-02-01T14:20:03+00:00","twitter_card":"summary_large_image","twitter_misc":{"Dur\u00e9e de lecture estim\u00e9e":"5 minutes"},"schema":{"@context":"https:\/\/schema.org","@graph":[{"@type":"WebPage","@id":"https:\/\/www.stephanie-arnoult.fr\/index.php\/sexotherapie\/","url":"https:\/\/www.stephanie-arnoult.fr\/index.php\/sexotherapie\/","name":"Sexoth\u00e9rapie - St\u00e9phanie Arnoult","isPartOf":{"@id":"https:\/\/www.stephanie-arnoult.fr\/#website"},"datePublished":"2022-12-05T18:03:27+00:00","dateModified":"2023-02-01T14:20:03+00:00","breadcrumb":{"@id":"https:\/\/www.stephanie-arnoult.fr\/index.php\/sexotherapie\/#breadcrumb"},"inLanguage":"fr-FR","potentialAction":[{"@type":"ReadAction","target":["https:\/\/www.stephanie-arnoult.fr\/index.php\/sexotherapie\/"]}]},{"@type":"BreadcrumbList","@id":"https:\/\/www.stephanie-arnoult.fr\/index.php\/sexotherapie\/#breadcrumb","itemListElement":[{"@type":"ListItem","position":1,"name":"Accueil","item":"https:\/\/www.stephanie-arnoult.fr\/"},{"@type":"ListItem","position":2,"name":"Sexoth\u00e9rapie"}]},{"@type":"WebSite","@id":"https:\/\/www.stephanie-arnoult.fr\/#website","url":"https:\/\/www.stephanie-arnoult.fr\/","name":"St\u00e9phanie Arnoult","description":"Psychologue - Hypnoth\u00e9rapeute - Sexoth\u00e9rapeute","publisher":{"@id":"https:\/\/www.stephanie-arnoult.fr\/#organization"},"potentialAction":[{"@type":"SearchAction","target":{"@type":"EntryPoint","urlTemplate":"https:\/\/www.stephanie-arnoult.fr\/?s={search_term_string}"},"query-input":{"@type":"PropertyValueSpecification","valueRequired":true,"valueName":"search_term_string"}}],"inLanguage":"fr-FR"},{"@type":"Organization","@id":"https:\/\/www.stephanie-arnoult.fr\/#organization","name":"St\u00e9phanie Arnoult","url":"https:\/\/www.stephanie-arnoult.fr\/","logo":{"@type":"ImageObject","inLanguage":"fr-FR","@id":"https:\/\/www.stephanie-arnoult.fr\/#\/schema\/logo\/image\/","url":"http:\/\/www.stephanie-arnoult.fr\/wp-content\/uploads\/2022\/11\/Logo_Stephanie_Arnoult.png","contentUrl":"http:\/\/www.stephanie-arnoult.fr\/wp-content\/uploads\/2022\/11\/Logo_Stephanie_Arnoult.png","width":1634,"height":391,"caption":"St\u00e9phanie Arnoult"},"image":{"@id":"https:\/\/www.stephanie-arnoult.fr\/#\/schema\/logo\/image\/"}}]}},"_links":{"self":[{"href":"https:\/\/www.stephanie-arnoult.fr\/index.php\/wp-json\/wp\/v2\/pages\/359","targetHints":{"allow":["GET"]}}],"collection":[{"href":"https:\/\/www.stephanie-arnoult.fr\/index.php\/wp-json\/wp\/v2\/pages"}],"about":[{"href":"https:\/\/www.stephanie-arnoult.fr\/index.php\/wp-json\/wp\/v2\/types\/page"}],"author":[{"embeddable":true,"href":"https:\/\/www.stephanie-arnoult.fr\/index.php\/wp-json\/wp\/v2\/users\/2"}],"replies":[{"embeddable":true,"href":"https:\/\/www.stephanie-arnoult.fr\/index.php\/wp-json\/wp\/v2\/comments?post=359"}],"version-history":[{"count":12,"href":"https:\/\/www.stephanie-arnoult.fr\/index.php\/wp-json\/wp\/v2\/pages\/359\/revisions"}],"predecessor-version":[{"id":461,"href":"https:\/\/www.stephanie-arnoult.fr\/index.php\/wp-json\/wp\/v2\/pages\/359\/revisions\/461"}],"wp:attachment":[{"href":"https:\/\/www.stephanie-arnoult.fr\/index.php\/wp-json\/wp\/v2\/media?parent=359"}],"curies":[{"name":"wp","href":"https:\/\/api.w.org\/{rel}","templated":true}]}}