{"id":369,"date":"2022-12-05T19:16:34","date_gmt":"2022-12-05T18:16:34","guid":{"rendered":"https:\/\/www.stephanie-arnoult.fr\/?page_id=369"},"modified":"2022-12-28T14:25:38","modified_gmt":"2022-12-28T13:25:38","slug":"a-propos-de-moi","status":"publish","type":"page","link":"https:\/\/www.stephanie-arnoult.fr\/index.php\/a-propos-de-moi\/","title":{"rendered":"A propos de moi"},"content":{"rendered":"<p>[et_pb_section fb_built=\u00a0\u00bb1&Prime; _builder_version=\u00a0\u00bb4.19.0&Prime; _module_preset=\u00a0\u00bbdefault\u00a0\u00bb background_color=\u00a0\u00bbRGBA(255,255,255,0)\u00a0\u00bb background_image=\u00a0\u00bbhttp:\/\/www.stephanie-arnoult.fr\/wp-content\/uploads\/2022\/11\/Animated-Shape-2.svg\u00a0\u00bb background_position=\u00a0\u00bbtop_center\u00a0\u00bb da_disable_devices=\u00a0\u00bboff|off|off\u00a0\u00bb global_colors_info=\u00a0\u00bb{}\u00a0\u00bb da_is_popup=\u00a0\u00bboff\u00a0\u00bb da_exit_intent=\u00a0\u00bboff\u00a0\u00bb da_has_close=\u00a0\u00bbon\u00a0\u00bb da_alt_close=\u00a0\u00bboff\u00a0\u00bb da_dark_close=\u00a0\u00bboff\u00a0\u00bb da_not_modal=\u00a0\u00bbon\u00a0\u00bb da_is_singular=\u00a0\u00bboff\u00a0\u00bb da_with_loader=\u00a0\u00bboff\u00a0\u00bb da_has_shadow=\u00a0\u00bbon\u00a0\u00bb][et_pb_row column_structure=\u00a0\u00bb2_5,3_5&Prime; make_equal=\u00a0\u00bbon\u00a0\u00bb _builder_version=\u00a0\u00bb4.19.0&Prime; _module_preset=\u00a0\u00bbdefault\u00a0\u00bb max_width=\u00a0\u00bb1920px\u00a0\u00bb custom_css_main_element=\u00a0\u00bbalign-items:center;\u00a0\u00bb global_colors_info=\u00a0\u00bb{}\u00a0\u00bb][et_pb_column type=\u00a0\u00bb2_5&Prime; _builder_version=\u00a0\u00bb4.19.0&Prime; _module_preset=\u00a0\u00bbdefault\u00a0\u00bb global_colors_info=\u00a0\u00bb{}\u00a0\u00bb][et_pb_text _builder_version=\u00a0\u00bb4.19.0&Prime; _module_preset=\u00a0\u00bbdefault\u00a0\u00bb text_orientation=\u00a0\u00bbright\u00a0\u00bb text_orientation_tablet=\u00a0\u00bbleft\u00a0\u00bb text_orientation_phone=\u00a0\u00bbleft\u00a0\u00bb text_orientation_last_edited=\u00a0\u00bbon|tablet\u00a0\u00bb global_colors_info=\u00a0\u00bb{}\u00a0\u00bb]<\/p>\n<h2>Mon approche<span style=\"font-weight: 400;\"><\/span><\/h2>\n<p><span style=\"font-weight: 400;\"><\/span><\/p>\n<p><span style=\"font-weight: 400;\">Je suis <span style=\"color: #9d4e3d;\"><strong>dipl\u00f4m\u00e9e de psychologie sociale en 1996<\/strong><\/span>, ma premi\u00e8re partie de carri\u00e8re s&rsquo;inscrit dans le social sur des missions formatrices aupr\u00e8s de publics difficiles, de psychologue aupr\u00e8s de primo-arrivants.<\/span><\/p>\n<p><span style=\"font-weight: 400;\">Puis <span style=\"color: #9d4e3d;\"><strong>j\u2019\u00e9volue dans le monde du conseil RH<\/strong><\/span> o\u00f9 j\u2019accompagne des professionnels \u00e0 performer sur leur poste dans le cadre de missions de coaching ou encore dans le cadre de reconversion professionnelle en tant que psychologue sur des missions de type bilan de comp\u00e9tences. <\/span><\/p>\n<p><span style=\"font-weight: 400;\"><span style=\"color: #9d4e3d;\"><strong>J\u2019occupe des fonctions de manager pendant 8 ans<\/strong><\/span>. Pendant tout mon parcours professionnel, je sens que je suis bloqu\u00e9e par le cadre professionnel. Je sens que pour que les accompagnements soient ajust\u00e9s, il m\u2019est n\u00e9cessaire d\u2019accompagner la personne dans sa globalit\u00e9 et ainsi sur l\u2019ensemble de ses sph\u00e8res de vie tant professionnelles que personnelles. <\/span><\/p>\n<p><span style=\"font-weight: 400;\">Je m\u00e8ne des missions de psychologue lib\u00e9ral d\u00e8s 2015. <span style=\"color: #9d4e3d;\"><strong>Je deviens hypnoth\u00e9rapeute en 2018<\/strong><\/span> et suis en lib\u00e9ral \u00e0 100% d\u00e8s d\u00e9but 2021. <\/span><\/p>\n<p><span style=\"font-weight: 400;\"><span style=\"color: #9d4e3d;\"><strong>Janvier 2023, <\/strong><\/span>je suis<span style=\"color: #9d4e3d;\"><strong> certifi\u00e9e Sexoth\u00e9rapeute.<\/strong><\/span><\/span><\/p>\n<p>En <span style=\"color: #9d4e3d;\"><strong>Octobre 2023<\/strong><\/span> je me forme en <strong><span style=\"color: #9d4e3d;\">M\u00e9ditation et gestion du stress par la respiration<\/span><\/strong>.<\/p>\n<p><span style=\"font-weight: 400;\"><\/span><\/p>\n<p>[\/et_pb_text][\/et_pb_column][et_pb_column type=\u00a0\u00bb3_5&Prime; _builder_version=\u00a0\u00bb4.19.0&Prime; _module_preset=\u00a0\u00bbdefault\u00a0\u00bb global_colors_info=\u00a0\u00bb{}\u00a0\u00bb][et_pb_image src=\u00a0\u00bbhttp:\/\/www.stephanie-arnoult.fr\/wp-content\/uploads\/2022\/12\/Shooting-Stephanie-2022-05-Moyenne.jpg\u00a0\u00bb title_text=\u00a0\u00bbShooting Stephanie 2022-05 (Moyenne)\u00a0\u00bb _builder_version=\u00a0\u00bb4.19.0&Prime; _module_preset=\u00a0\u00bbdefault\u00a0\u00bb global_colors_info=\u00a0\u00bb{}\u00a0\u00bb][\/et_pb_image][\/et_pb_column][\/et_pb_row][\/et_pb_section]<\/p>\n","protected":false},"excerpt":{"rendered":"<p>Mon approche Je suis dipl\u00f4m\u00e9e de psychologie sociale en 1996, ma premi\u00e8re partie de carri\u00e8re s&rsquo;inscrit dans le social sur des missions formatrices aupr\u00e8s de publics difficiles, de psychologue aupr\u00e8s de primo-arrivants. Puis j\u2019\u00e9volue dans le monde du conseil RH o\u00f9 j\u2019accompagne des professionnels \u00e0 performer sur leur poste dans le cadre de missions de [&hellip;]<\/p>\n","protected":false},"author":2,"featured_media":0,"parent":0,"menu_order":0,"comment_status":"closed","ping_status":"closed","template":"","meta":{"_et_pb_use_builder":"on","_et_pb_old_content":"","_et_gb_content_width":"","inline_featured_image":false,"footnotes":""},"class_list":["post-369","page","type-page","status-publish","hentry"],"yoast_head":"<!-- This site is optimized with the Yoast SEO plugin v27.3 - https:\/\/yoast.com\/product\/yoast-seo-wordpress\/ -->\n<title>A propos de moi - St\u00e9phanie Arnoult<\/title>\n<meta name=\"robots\" content=\"index, follow, max-snippet:-1, max-image-preview:large, max-video-preview:-1\" \/>\n<link rel=\"canonical\" href=\"http:\/\/www.stephanie-arnoult.fr\/index.php\/a-propos-de-moi\/\" \/>\n<meta property=\"og:locale\" content=\"fr_FR\" \/>\n<meta property=\"og:type\" content=\"article\" \/>\n<meta property=\"og:title\" content=\"A propos de moi - St\u00e9phanie Arnoult\" \/>\n<meta property=\"og:description\" content=\"Mon approche Je suis dipl\u00f4m\u00e9e de psychologie sociale en 1996, ma premi\u00e8re partie de carri\u00e8re s&#039;inscrit dans le social sur des missions formatrices aupr\u00e8s de publics difficiles, de psychologue aupr\u00e8s de primo-arrivants. Puis j\u2019\u00e9volue dans le monde du conseil RH o\u00f9 j\u2019accompagne des professionnels \u00e0 performer sur leur poste dans le cadre de missions de [&hellip;]\" \/>\n<meta property=\"og:url\" content=\"http:\/\/www.stephanie-arnoult.fr\/index.php\/a-propos-de-moi\/\" \/>\n<meta property=\"og:site_name\" content=\"St\u00e9phanie Arnoult\" \/>\n<meta property=\"article:modified_time\" content=\"2022-12-28T13:25:38+00:00\" \/>\n<meta name=\"twitter:card\" content=\"summary_large_image\" \/>\n<meta name=\"twitter:label1\" content=\"Dur\u00e9e de lecture estim\u00e9e\" \/>\n\t<meta name=\"twitter:data1\" content=\"2 minutes\" \/>\n<script type=\"application\/ld+json\" class=\"yoast-schema-graph\">{\"@context\":\"https:\\\/\\\/schema.org\",\"@graph\":[{\"@type\":\"WebPage\",\"@id\":\"http:\\\/\\\/www.stephanie-arnoult.fr\\\/index.php\\\/a-propos-de-moi\\\/\",\"url\":\"http:\\\/\\\/www.stephanie-arnoult.fr\\\/index.php\\\/a-propos-de-moi\\\/\",\"name\":\"A propos de moi - St\u00e9phanie Arnoult\",\"isPartOf\":{\"@id\":\"https:\\\/\\\/www.stephanie-arnoult.fr\\\/#website\"},\"datePublished\":\"2022-12-05T18:16:34+00:00\",\"dateModified\":\"2022-12-28T13:25:38+00:00\",\"breadcrumb\":{\"@id\":\"http:\\\/\\\/www.stephanie-arnoult.fr\\\/index.php\\\/a-propos-de-moi\\\/#breadcrumb\"},\"inLanguage\":\"fr-FR\",\"potentialAction\":[{\"@type\":\"ReadAction\",\"target\":[\"http:\\\/\\\/www.stephanie-arnoult.fr\\\/index.php\\\/a-propos-de-moi\\\/\"]}]},{\"@type\":\"BreadcrumbList\",\"@id\":\"http:\\\/\\\/www.stephanie-arnoult.fr\\\/index.php\\\/a-propos-de-moi\\\/#breadcrumb\",\"itemListElement\":[{\"@type\":\"ListItem\",\"position\":1,\"name\":\"Accueil\",\"item\":\"https:\\\/\\\/www.stephanie-arnoult.fr\\\/\"},{\"@type\":\"ListItem\",\"position\":2,\"name\":\"A propos de moi\"}]},{\"@type\":\"WebSite\",\"@id\":\"https:\\\/\\\/www.stephanie-arnoult.fr\\\/#website\",\"url\":\"https:\\\/\\\/www.stephanie-arnoult.fr\\\/\",\"name\":\"St\u00e9phanie Arnoult\",\"description\":\"Psychologue - Hypnoth\u00e9rapeute - Sexoth\u00e9rapeute\",\"publisher\":{\"@id\":\"https:\\\/\\\/www.stephanie-arnoult.fr\\\/#organization\"},\"potentialAction\":[{\"@type\":\"SearchAction\",\"target\":{\"@type\":\"EntryPoint\",\"urlTemplate\":\"https:\\\/\\\/www.stephanie-arnoult.fr\\\/?s={search_term_string}\"},\"query-input\":{\"@type\":\"PropertyValueSpecification\",\"valueRequired\":true,\"valueName\":\"search_term_string\"}}],\"inLanguage\":\"fr-FR\"},{\"@type\":\"Organization\",\"@id\":\"https:\\\/\\\/www.stephanie-arnoult.fr\\\/#organization\",\"name\":\"St\u00e9phanie Arnoult\",\"url\":\"https:\\\/\\\/www.stephanie-arnoult.fr\\\/\",\"logo\":{\"@type\":\"ImageObject\",\"inLanguage\":\"fr-FR\",\"@id\":\"https:\\\/\\\/www.stephanie-arnoult.fr\\\/#\\\/schema\\\/logo\\\/image\\\/\",\"url\":\"http:\\\/\\\/www.stephanie-arnoult.fr\\\/wp-content\\\/uploads\\\/2022\\\/11\\\/Logo_Stephanie_Arnoult.png\",\"contentUrl\":\"http:\\\/\\\/www.stephanie-arnoult.fr\\\/wp-content\\\/uploads\\\/2022\\\/11\\\/Logo_Stephanie_Arnoult.png\",\"width\":1634,\"height\":391,\"caption\":\"St\u00e9phanie Arnoult\"},\"image\":{\"@id\":\"https:\\\/\\\/www.stephanie-arnoult.fr\\\/#\\\/schema\\\/logo\\\/image\\\/\"}}]}<\/script>\n<!-- \/ Yoast SEO plugin. -->","yoast_head_json":{"title":"A propos de moi - St\u00e9phanie Arnoult","robots":{"index":"index","follow":"follow","max-snippet":"max-snippet:-1","max-image-preview":"max-image-preview:large","max-video-preview":"max-video-preview:-1"},"canonical":"http:\/\/www.stephanie-arnoult.fr\/index.php\/a-propos-de-moi\/","og_locale":"fr_FR","og_type":"article","og_title":"A propos de moi - St\u00e9phanie Arnoult","og_description":"Mon approche Je suis dipl\u00f4m\u00e9e de psychologie sociale en 1996, ma premi\u00e8re partie de carri\u00e8re s'inscrit dans le social sur des missions formatrices aupr\u00e8s de publics difficiles, de psychologue aupr\u00e8s de primo-arrivants. Puis j\u2019\u00e9volue dans le monde du conseil RH o\u00f9 j\u2019accompagne des professionnels \u00e0 performer sur leur poste dans le cadre de missions de [&hellip;]","og_url":"http:\/\/www.stephanie-arnoult.fr\/index.php\/a-propos-de-moi\/","og_site_name":"St\u00e9phanie Arnoult","article_modified_time":"2022-12-28T13:25:38+00:00","twitter_card":"summary_large_image","twitter_misc":{"Dur\u00e9e de lecture estim\u00e9e":"2 minutes"},"schema":{"@context":"https:\/\/schema.org","@graph":[{"@type":"WebPage","@id":"http:\/\/www.stephanie-arnoult.fr\/index.php\/a-propos-de-moi\/","url":"http:\/\/www.stephanie-arnoult.fr\/index.php\/a-propos-de-moi\/","name":"A propos de moi - St\u00e9phanie Arnoult","isPartOf":{"@id":"https:\/\/www.stephanie-arnoult.fr\/#website"},"datePublished":"2022-12-05T18:16:34+00:00","dateModified":"2022-12-28T13:25:38+00:00","breadcrumb":{"@id":"http:\/\/www.stephanie-arnoult.fr\/index.php\/a-propos-de-moi\/#breadcrumb"},"inLanguage":"fr-FR","potentialAction":[{"@type":"ReadAction","target":["http:\/\/www.stephanie-arnoult.fr\/index.php\/a-propos-de-moi\/"]}]},{"@type":"BreadcrumbList","@id":"http:\/\/www.stephanie-arnoult.fr\/index.php\/a-propos-de-moi\/#breadcrumb","itemListElement":[{"@type":"ListItem","position":1,"name":"Accueil","item":"https:\/\/www.stephanie-arnoult.fr\/"},{"@type":"ListItem","position":2,"name":"A propos de moi"}]},{"@type":"WebSite","@id":"https:\/\/www.stephanie-arnoult.fr\/#website","url":"https:\/\/www.stephanie-arnoult.fr\/","name":"St\u00e9phanie Arnoult","description":"Psychologue - Hypnoth\u00e9rapeute - Sexoth\u00e9rapeute","publisher":{"@id":"https:\/\/www.stephanie-arnoult.fr\/#organization"},"potentialAction":[{"@type":"SearchAction","target":{"@type":"EntryPoint","urlTemplate":"https:\/\/www.stephanie-arnoult.fr\/?s={search_term_string}"},"query-input":{"@type":"PropertyValueSpecification","valueRequired":true,"valueName":"search_term_string"}}],"inLanguage":"fr-FR"},{"@type":"Organization","@id":"https:\/\/www.stephanie-arnoult.fr\/#organization","name":"St\u00e9phanie Arnoult","url":"https:\/\/www.stephanie-arnoult.fr\/","logo":{"@type":"ImageObject","inLanguage":"fr-FR","@id":"https:\/\/www.stephanie-arnoult.fr\/#\/schema\/logo\/image\/","url":"http:\/\/www.stephanie-arnoult.fr\/wp-content\/uploads\/2022\/11\/Logo_Stephanie_Arnoult.png","contentUrl":"http:\/\/www.stephanie-arnoult.fr\/wp-content\/uploads\/2022\/11\/Logo_Stephanie_Arnoult.png","width":1634,"height":391,"caption":"St\u00e9phanie Arnoult"},"image":{"@id":"https:\/\/www.stephanie-arnoult.fr\/#\/schema\/logo\/image\/"}}]}},"_links":{"self":[{"href":"https:\/\/www.stephanie-arnoult.fr\/index.php\/wp-json\/wp\/v2\/pages\/369","targetHints":{"allow":["GET"]}}],"collection":[{"href":"https:\/\/www.stephanie-arnoult.fr\/index.php\/wp-json\/wp\/v2\/pages"}],"about":[{"href":"https:\/\/www.stephanie-arnoult.fr\/index.php\/wp-json\/wp\/v2\/types\/page"}],"author":[{"embeddable":true,"href":"https:\/\/www.stephanie-arnoult.fr\/index.php\/wp-json\/wp\/v2\/users\/2"}],"replies":[{"embeddable":true,"href":"https:\/\/www.stephanie-arnoult.fr\/index.php\/wp-json\/wp\/v2\/comments?post=369"}],"version-history":[{"count":5,"href":"https:\/\/www.stephanie-arnoult.fr\/index.php\/wp-json\/wp\/v2\/pages\/369\/revisions"}],"predecessor-version":[{"id":406,"href":"https:\/\/www.stephanie-arnoult.fr\/index.php\/wp-json\/wp\/v2\/pages\/369\/revisions\/406"}],"wp:attachment":[{"href":"https:\/\/www.stephanie-arnoult.fr\/index.php\/wp-json\/wp\/v2\/media?parent=369"}],"curies":[{"name":"wp","href":"https:\/\/api.w.org\/{rel}","templated":true}]}}